3/3 - k**2 - 3*k + 1. Let p be a(3). Let c = 58 - p. List the prime factors of c.
2, 29
Let v = 1571 - 97. List the prime factors of v.
2, 11, 67
Let k be 54/10 + 10/(-25). Suppose -5*l - 44 = q, -k*q + 4*q - 3*l = 48. Let d = q - -87. What are the prime factors of d?
3, 11
Suppose -3*w + 2*x = -4883, 5*w + 29*x - 8132 = 26*x. What are the prime factors of w?
1627
List the prime factors of -3 + 12176/24 - (-2)/3.
5, 101
Let u(b) = -b**2 + 5*b - 9. Let v be u(6). Let l = v - 4. Let q = 57 + l. What are the prime factors of q?
2, 19
Let n(f) be the first derivative of 17*f**2 - 17*f - 16. List the prime factors of n(8).
3, 5, 17
Let c = 13 - 13. Suppose c*n = n - 5. Suppose -3*h + 20 = n*y - 4*h, 2*y = 4*h - 10. What are the prime factors of y?
5
Let s be (3 - -3)/2 - -52. Suppose h = -0*h + s. List the prime factors of h.
5, 11
Let r be 4 - (-32)/12*-3. Let g(z) = -5*z + 3. List the prime factors of g(r).
23
Let m(x) = 202*x - 244*x - 2 - 4. List the prime factors of m(-4).
2, 3
Let k(g) = 5*g**2 - 117*g - 14. What are the prime factors of k(44)?
2, 3, 251
Suppose 3*r = -0*r + y + 3, 0 = -2*r + 3*y + 9. Suppose r = -8*m + 107 + 333. List the prime factors of m.
5, 11
Let t = 60 - 60. Suppose -3*b + 28 + 38 = t. What are the prime factors of b?
2, 11
Let b = -52 - -67. Let y(k) = 27*k**2 + k. Let g be y(1). Let v = g - b. List the prime factors of v.
13
Let v(q) = -q**3 + 4*q**2 - 5*q - 2. List the prime factors of v(-11).
2, 467
Suppose -85 = -k - 41. Let r = k + 45. What are the prime factors of r?
89
Suppose 5*s - 28 = s. Let l = -2 + s. Let t(n) = -n**3 + 5*n**2 + 4*n - 3. List the prime factors of t(l).
17
Suppose -5*t = 25, 3*t = -2*i + t + 4260. List the prime factors of i.
5, 7, 61
Let b be (-267)/(-39) - (3 - 82/26). List the prime factors of b/(84/8)*-6 + 25.
3, 7
Suppose -3241*a = -3240*a - 3179. List the prime factors of a.
11, 17
Let w = -23 - -20. Let i be (-309)/w - (-2 - -3). Suppose -h + 4*h - i = 0. What are the prime factors of h?
2, 17
Suppose -5*g + 14 = c + 2*c, -4*c + 12 = 5*g. Suppose 60 = -g*s + 7*s. What are the prime factors of s?
2, 5
Let s = 29 + -13. Let d = s + -12. List the prime factors of d - (6/(-2) - 36).
43
What are the prime factors of 48805/86*(-2 - 0)*-1?
5, 227
Suppose 12 + 50 = g. Let s = 81 - g. What are the prime factors of s?
19
Suppose 4*u - 9100 = -6*u. Suppose 0 = 7*b - 2*b - u. What are the prime factors of b?
2, 7, 13
Let b be (24/(-9))/((-4)/6). Suppose 5*a = -y + a + 8, b*a + 28 = 2*y. Let r = y - -29. What are the prime factors of r?
41
Let a(h) = 227*h + 674. List the prime factors of a(24).
2, 3061
Suppose 3*y + 995 = 2*r + 4215, 2*r = -4. List the prime factors of y.
2, 67
Let a(b) = 2 + b - 1 - 5. Suppose -5*l + 27 = -23. List the prime factors of a(l).
2, 3
Let d(s) = -6*s**2 + s + 1. Let x be d(-1). Let q be (256/12)/(-4)*x. Suppose -j - 6 = -q. List the prime factors of j.
2, 13
Suppose 2*k - 5*u - 702 = 0, -1701 = -4*k - 5*u - 267. What are the prime factors of k?
2, 89
Let v(d) = 21*d**2 - 16*d - 10. What are the prime factors of v(-7)?
3, 13, 29
Suppose 5*w = -41 + 11. Let h be w/(-4) + (-427)/(-14). Let i = h + -8. What are the prime factors of i?
2, 3
Let m = 1916 - 1210. List the prime factors of m.
2, 353
Let t(j) = 20 - 21*j + 3*j - 11. What are the prime factors of t(-2)?
3, 5
Suppose 5*k + 11 - 71 = 5*m, m + k + 16 = 0. List the prime factors of (m/5)/(6/(-15)).
7
Let m = 3 - -2. Let o = m + -5. Suppose -3*x = -0*a - 3*a - 69, -2*x + 5*a + 55 = o. What are the prime factors of x?
2, 5
Let s(c) = 15*c**2 + 10*c - 15. Let n = 75 + -73. What are the prime factors of s(n)?
5, 13
Let m = -7 - -9. Let h be (-1068)/72 + m/(-12). What are the prime factors of (-1)/(0 + 1/h)?
3, 5
Let s(f) = -3*f**2 + 7*f**2 + 2 - 2*f - 10 - 3*f**2. Let o be (-7 + 1)/(6/(-8)). What are the prime factors of s(o)?
2, 5
Let v(t) = -t**3 + t**2 + t + 50. Let i be 2/(10/15 - 0). Suppose -3*x - 3 = 0, 0 = -3*z + 5*z - 3*x - i. What are the prime factors of v(z)?
2, 5
Suppose 41*s = -11179 + 33073. List the prime factors of s.
2, 3, 89
Suppose -31*o + 28*o = -1155. List the prime factors of o.
5, 7, 11
Let v(f) = 2*f**2 - 31*f - 16. Let s be v(16). Suppose -5*g - y + 300 = s, -8*g + y + 54 = -7*g. What are the prime factors of g?
59
Suppose -3*g + 20 = 14. Suppose 3*y + g*y + 4*i = 1387, -4*y + i + 1097 = 0. List the prime factors of y.
5, 11
Let y be 4 - (3 + 0 + -1). Suppose 7*i - 2*d = 2*i + 488, -5*d = y*i - 172. What are the prime factors of i?
2, 3
Let c be (-3 + 6/2)*1. Suppose j - 3*j = -36. Suppose -w + j = -c*w. List the prime factors of w.
2, 3
Let w be -3 + 0 - 18/(-3). Let p = -5 + w. What are the prime factors of p*(-3 + (-45)/6)?
3, 7
Suppose -2*m + 4*o = -22, -o = 3*o. Suppose -5*v + 2*c = -m, 6*c - 2*c = -2*v + 14. Suppose -63 = -v*k - 12. What are the prime factors of k?
17
Let f be (-2 - 0)/1 + 5. Suppose -f*o + 51 = p, 0*p - o = p - 51. What are the prime factors of p?
3, 17
Suppose z - 202 = 4*v - 2*z, -5*v + z = 247. Suppose a - 24 = -3*j + 82, -510 = -5*a + 5*j. Let g = v + a. List the prime factors of g.
2, 3
Suppose -2 = q - 7. Suppose q*g - 34 = 3*g. What are the prime factors of g - (-3 - (0 + -2))?
2, 3
Let q = 1948 - 971. List the prime factors of q.
977
Suppose -2*p - 31 = -281. What are the prime factors of p?
5
Let p = 3183 + -6765. What are the prime factors of (-2)/(-5) + p/(-45)?
2, 5
What are the prime factors of -140*(-2 + 603/(-36))?
3, 5, 7
Let c(m) = -280*m - 22. Let r(i) = -112*i - 9. Let z(l) = -5*c(l) + 12*r(l). Let h be z(1). Let o = 7 + h. What are the prime factors of o?
5, 13
Suppose -3*s + 173 = -i, i - 6*i = 2*s - 104. What are the prime factors of -2 + -2 + 4 + s?
3, 19
Let c(r) = 3*r + 1. Let b be c(-2). Let y = -79 - -117. Let i = y - b. List the prime factors of i.
43
Suppose -4*m + 62 = -18. Suppose m = 3*k - 4*c, 5*c - 2 = k - 4*k. Let z(o) = 4*o - 1. What are the prime factors of z(k)?
3, 5
Suppose 0 = -2*t - 5*t + 1036. Suppose 2*a = 4*a - t. List the prime factors of a.
2, 37
Let d(q) = q**3 - 5*q**2 - 8*q + 15. Let y be d(6). Let l(u) = -2 - u**3 + y*u**2 + 0*u**3 + 2 + 2 + 3*u. List the prime factors of l(3).
11
Suppose 3*b + 0*b - 3 = 0, -2*n + 11 = -b. Suppose -5*z + 20 = 5*p, p - 3*z - z + n = 0. Suppose -2*l = -8 + p. What are the prime factors of l?
3
Let c be 3/(-3 - 0) + 19. Let k = -11 + c. Let v = k - -6. What are the prime factors of v?
13
Suppose 0*c + 15 = -5*c. Let v = 6 - c. Suppose -4 = 7*q - v*q. What are the prime factors of q?
2
Let v = 36 - 28. List the prime factors of 2/v - (-5565)/60.
3, 31
Suppose 0 = -3*u - 721 + 4948. What are the prime factors of u?
1409
Let l = 18 + -16. Suppose -3*r + 2*r = -l. Suppose -a - r*z + 78 = a, 4*a - 168 = 2*z. What are the prime factors of a?
41
Let i = 6 - 6. Suppose 2*y + 110 = 3*p, i = -y - 1 - 3. Suppose 90 = 3*u + 3*d, p = u - 5*d - 2. List the prime factors of u.
31
Suppose 0 = 3*n - 2732 + 893. List the prime factors of n.
613
Let c = -122 - -63. Let w(m) = -39*m - 137. Let n be w(-6). Let y = c + n. List the prime factors of y.
2, 19
Let r be (-6)/10 + 130/50. Suppose 4 = -r*s, -18 = -2*f + 3*s - 0*s. Let q = f - -30. List the prime factors of q.
2, 3
Let m be 1/((-1)/3*-1). Suppose 4*z + 12 = m*z. Let u = 4 - z. What are the prime factors of u?
2
Let p be 2 + (3/1 - 6). Suppose 0 = 5*s - 5, -5*q + s = -0*q + 26. Let z = p - q. What are the prime factors of z?
2
Let c = -82 - -102. What are the prime factors of (-1102)/(-8) - (-5)/c?
2, 3, 23
Let q(b) = -3445*b**3 + 14*b + 15. What are the prime factors of q(-1)?
2, 1723
Let a = 967 - 422. Suppose -3*f + a = 5*j, 5*j + 0*f - 4*f - 510 = 0. List the prime factors of j.
2, 53
Let w = 738 + -227. List the prime factors of w.
7, 73
Let s = -86 + 469. List the prime factors of s.
383
Let r(k) = 3*k - 7 + 12 - 2 - 2. Let q be r(19). List the prime factors of (1 + 0 - -1) + q.
2, 3, 5
Suppose -3*a = 4*d - 1512, 4*a - d - 2038 = d. What are the prime factors of a?
2, 127
Let q = -1177 + 2259. What are the prime factors of q?
2, 541
Suppose 376 = w + 3*l, 2*w - 1940 = -3*w + 5*l. What are the prime factors of w?
5, 7, 11
Let l(p) = p**2 - 13*p + 21. Suppose 0 = -3*d - 0*r - 2*r + 71, 0 = -d - r + 25. What are the prime factors of l(d)?
3, 7
